{"id":31,"date":"2025-06-04T09:54:02","date_gmt":"2025-06-04T09:54:02","guid":{"rendered":"https:\/\/pbelektro.pl\/?page_id=31"},"modified":"2025-06-05T18:00:48","modified_gmt":"2025-06-05T18:00:48","slug":"o-firmie","status":"publish","type":"page","link":"https:\/\/pbelektro.pl\/index.php\/o-firmie\/","title":{"rendered":"O firmie"},"content":{"rendered":"\n<p style=\"font-size:15px\">Firma PBelektro \u015bwiadczy us\u0142ugi od ponad 5 lat. Do ka\u017cdego zlecenia podchodzimy indywidualnie i z pe\u0142nym zaanga\u017cowaniem, a zdobyte do\u015bwiadczenie zawodowe pozwala nam realizowa\u0107 ka\u017cdy projekt.<br><br>Posiadamy do\u015bwiadczonych pracownik\u00f3w o wysokich kwalifikacjach zawodowych.<br><br>Oferujemy pe\u0142en zakres us\u0142ug elektrycznych i niskopr\u0105dowych zwi\u0105zanych z projektowaniem, realizacj\u0105 rob\u00f3t oraz modernizacj\u0105.<br>\u015awiadczymy us\u0142ugi dla klient\u00f3w indywidualnych oraz ma\u0142ych i du\u017cych firm.<br>Nasz sektor obejmuje r\u00f3wnie\u017c plac\u00f3wki medyczne, dla kt\u00f3rych \u015bwiadczymy kompleksowe us\u0142ugi z zakresu system\u00f3w przyzywowych \u2014 od dostawy i monta\u017cu urz\u0105dze\u0144 po serwis gwarancyjny i pogwarancyjny.<br>Zajmujemy si\u0119 tak\u017ce pomiarami instalacji elektrycznych oraz sieci LAN. Firma realizuje swoje us\u0142ugi z wykorzystaniem najnowszych materia\u0142\u00f3w i technologii.<br><br>Udzielamy pe\u0142nej gwarancji na nasze us\u0142ugi dla klient\u00f3w.<br><br>Zapraszamy do kontaktu i wsp\u00f3\u0142pracy!<\/p>\n\n\n\n<p style=\"font-size:15px\"><\/p>\n","protected":false},"excerpt":{"rendered":"<p>Firma PBelektro \u015bwiadczy us\u0142ugi od ponad 5 lat. Do ka\u017cdego zlecenia podchodzimy indywidualnie i z pe\u0142nym zaanga\u017cowaniem, a zdobyte do\u015bwiadczenie zawodowe pozwala nam realizowa\u0107 ka\u017cdy projekt. Posiadamy do\u015bwiadczonych pracownik\u00f3w o wysokich kwalifikacjach zawodowych. Oferujemy pe\u0142en zakres us\u0142ug elektrycznych i niskopr\u0105dowych zwi\u0105zanych z projektowaniem, realizacj\u0105 rob\u00f3t oraz modernizacj\u0105.\u015awiadczymy us\u0142ugi dla klient\u00f3w indywidualnych oraz ma\u0142ych i du\u017cych &hellip; <\/p>\n<p class=\"link-more\"><a href=\"https:\/\/pbelektro.pl\/index.php\/o-firmie\/\" class=\"more-link\">Czytaj dalej<span class=\"screen-reader-text\"> \u201eO firmie\u201d<\/span><\/a><\/p>\n","protected":false},"author":1,"featured_media":32,"parent":0,"menu_order":0,"comment_status":"closed","ping_status":"closed","template":"","meta":{"footnotes":""},"class_list":["post-31","page","type-page","status-publish","has-post-thumbnail","hentry"],"_links":{"self":[{"href":"https:\/\/pbelektro.pl\/index.php\/wp-json\/wp\/v2\/pages\/31","targetHints":{"allow":["GET"]}}],"collection":[{"href":"https:\/\/pbelektro.pl\/index.php\/wp-json\/wp\/v2\/pages"}],"about":[{"href":"https:\/\/pbelektro.pl\/index.php\/wp-json\/wp\/v2\/types\/page"}],"author":[{"embeddable":true,"href":"https:\/\/pbelektro.pl\/index.php\/wp-json\/wp\/v2\/users\/1"}],"replies":[{"embeddable":true,"href":"https:\/\/pbelektro.pl\/index.php\/wp-json\/wp\/v2\/comments?post=31"}],"version-history":[{"count":4,"href":"https:\/\/pbelektro.pl\/index.php\/wp-json\/wp\/v2\/pages\/31\/revisions"}],"predecessor-version":[{"id":89,"href":"https:\/\/pbelektro.pl\/index.php\/wp-json\/wp\/v2\/pages\/31\/revisions\/89"}],"wp:featuredmedia":[{"embeddable":true,"href":"https:\/\/pbelektro.pl\/index.php\/wp-json\/wp\/v2\/media\/32"}],"wp:attachment":[{"href":"https:\/\/pbelektro.pl\/index.php\/wp-json\/wp\/v2\/media?parent=31"}],"curies":[{"name":"wp","href":"https:\/\/api.w.org\/{rel}","templated":true}]}}